 divisor of 8836912 and 252.
28
Calculate the greatest common divisor of 3284392 and 269512.
4568
Calculate the highest common factor of 824561 and 339.
113
Calculate the highest common factor of 1406795 and 212290.
1495
Calculate the highest common factor of 35 and 1083629120.
35
What is the highest common divisor of 132900 and 30075?
75
Calculate the greatest common divisor of 70392969 and 972.
243
What is the highest common divisor of 216489 and 12579?
21
Calculate the highest common divisor of 3401 and 17365373.
19
What is the highest common factor of 9175 and 8315486?
367
What is the greatest common divisor of 1591492 and 2034?
226
What is the highest common factor of 2160 and 143310?
30
Calculate the greatest common divisor of 48234240 and 10600.
2120
What is the highest common factor of 354 and 89402700?
354
What is the greatest common divisor of 1430668275 and 790?
395
What is the highest common factor of 26635761 and 9?
9
Calculate the highest common factor of 9262637 and 68.
17
What is the highest common factor of 138816 and 3216?
48
Calculate the highest common divisor of 123014450 and 208.
26
What is the greatest common divisor of 5792 and 2264928?
32
Calculate the highest common factor of 40957050 and 450.
150
What is the greatest common divisor of 1846 and 18422512?
142
What is the highest common factor of 18816 and 66096?
48
What is the highest common factor of 236925 and 20800?
325
Calculate the greatest common divisor of 59983439 and 689.
53
Calculate the greatest common divisor of 150309 and 76473.
2637
What is the greatest common divisor of 2629169 and 46661?
29
What is the highest common factor of 163605978 and 6?
6
Calculate the highest common divisor of 1461473 and 578.
289
Calculate the highest common divisor of 3207200 and 2678240.
3040
Calculate the highest common divisor of 12 and 21584058.
6
Calculate the greatest common factor of 114168 and 49558.
142
Calculate the greatest common divisor of 33 and 1568512.
11
What is the highest common factor of 64746045 and 14?
7
Calculate the highest common factor of 2024 and 383042.
506
What is the highest common divisor of 8 and 778868?
4
Calculate the highest common divisor of 5760 and 545866240.
640
What is the highest common factor of 118 and 1935200?
118
What is the highest common divisor of 67 and 296455771?
67
Calculate the highest common factor of 12032414 and 188418.
2026
What is the greatest common factor of 43262 and 9108658?
446
What is the highest common factor of 277337 and 791279?
599
What is the greatest common divisor of 93280 and 203945060?
11660
What is the greatest common factor of 2419 and 183002188?
2419
What is the highest common factor of 1678 and 233588507?
839
Calculate the greatest common divisor of 693 and 7312333.
7
Calculate the greatest common divisor of 22 and 1394369086.
22
What is the highest common divisor of 108 and 385641?
27
Calculate the highest common factor of 760 and 451660.
20
Calculate the greatest common factor of 23925 and 15138.
87
Calculate the highest common divisor of 19050444 and 252.
252
Calculate the highest common factor of 253528 and 157584.
536
Calculate the highest common divisor of 263611374 and 312.
78
What is the greatest common factor of 1772 and 853383682?
886
What is the highest common divisor of 3355650 and 9?
9
Calculate the greatest common divisor of 1725 and 1730037.
69
What is the highest common divisor of 189009 and 1125?
9
What is the greatest common factor of 28 and 1662636?
4
What is the highest common divisor of 164 and 19437690?
82
What is the greatest common factor of 63812 and 24682?
602
What is the highest common factor of 2142 and 6374694?
102
What is the greatest common factor of 1918 and 76789733?
137
Calculate the highest common divisor of 1339129 and 30889.
1817
Calculate the greatest common factor of 828919 and 3073.
7
Calculate the highest common factor of 140622482 and 26026.
2002
Calculate the greatest common divisor of 88491 and 54951.
39
What is the highest common divisor of 14 and 45246?
2
Calculate the highest common divisor of 652820 and 14.
14
Calculate the highest common divisor of 62 and 41675563.
31
What is the highest common divisor of 629 and 9952259?
17
Calculate the greatest common factor of 2561379590 and 1771.
1771
Calculate the highest common divisor of 2079 and 2557467.
297
Calculate the greatest common factor of 186734 and 3634918.
2558
Calculate the highest common factor of 4435995 and 5535.
615
Calculate the greatest common divisor of 3 and 197273148.
3
Calculate the highest common factor of 4549116 and 15972.
1452
Calculate the highest common factor of 925 and 64567450.
25
What is the highest common factor of 107688 and 80035260?
7692
Calculate the highest common factor of 14450050 and 250.
50
Calculate the greatest common factor of 770634 and 568.
142
Calculate the greatest common divisor of 51290 and 229917683.
5129
Calculate the highest common factor of 102246991 and 36421.
3311
Calculate the greatest common divisor of 134 and 1612221.
67
Calculate the greatest common factor of 24850 and 644254.
142
Calculate the greatest common factor of 21935 and 356364784.
4387
Calculate the highest common factor of 114 and 6034647.
57
Calculate the greatest common divisor of 108 and 25593804.
36
Calculate the highest common factor of 547 and 176439773.
547
Calculate the greatest common divisor of 4237208470 and 110.
110
Calculate the greatest common divisor of 2286 and 1918081.
127
Calculate the highest common factor of 2148 and 23112659.
179
Calculate the greatest common divisor of 118188 and 2019780.
1764
What is the highest common divisor of 7938 and 48738186?
1134
Calculate the highest common divisor of 1862 and 8262872.
38
Calculate the greatest common factor of 167061 and 3393.
3
Calculate the highest common divisor of 69390 and 18317610.
270
What is the greatest common factor of 2693087 and 38576?
2411
Calculate the greatest common divisor of 9180835 and 1535.
1535
What is the highest common factor of 2030 and 210?
70
What is the highest common factor of 11124 and 870372?
108
What is the highest common divisor of 463 and 2135?
1
What is the highest common divisor of 139080 and 23258568?
1464
What is the highest common factor of 257434700 and 200?
100
What is the highest common factor of 4953312 and 8232?
1176
Calculate the highest common factor of 159559565 and 2097.
233
Calculate the greatest common divisor of 33920 and 13637960.
2120
Calculate the highest common divisor of 35611 and 1208539.
149
What is the highest common factor of 1163 and 63343958?
1163
Calculate the highest common factor of 15381088 and 1111.
101
What is the highest common divisor of 169638 and 181692?
294
Calculate the highest common factor of 1898 and 146652766.
1898
Calculate the highest common factor of 3703 and 17037342.
161
Calculate the greatest common factor of 2276151 and 14955.
2991
What is the highest common factor of 9439286 and 2?
2
Calculate the greatest common factor of 399 and 4608569.
7
Calculate the greatest common factor of 27178929 and 878.
439
Calculate the highest common divisor of 658207 and 54219.
583
Calculate the highest common divisor of 16788972 and 138.
6
What is the greatest common divisor of 11 and 204791?
1
Calculate the greatest common factor of 1545567 and 144522.
93
Calculate the greatest common factor of 1882278554 and 23.
23
Calculate the highest common divisor of 240 and 338964000.
240
Calculate the greatest common factor of 712640 and 7072.
544
What is the highest common divisor of 28 and 30958319?
7
What is the highest common factor of 245 and 227646797?
49
What is the highest common divisor of 1101188977 and 1267?
1267
What is the greatest common divisor of 441 and 46342583?
49
What is the greatest common factor of 47970 and 11288407?
533
Calculate the highest common divisor of 375729978 and 3358.
3358
What is the highest common divisor of 81 and 472878648?
81
What is the highest common divisor of 44955 and 2360655?
45
Calculate the greatest common factor of 8 and 22554152.
8
What is the greatest common divisor of 19352072 and 1096?
1096
Calculate the greatest common divisor of 238627347 and 2121.
2121
Calculate the greatest common factor of 7335165 and 45.
15